 0*g + 2*g - 2*t - 20 = 0, 3*g - 38 = t. Calculate the greatest common factor of g and k.
14
Let l(n) = n**2 - 9*n + 13. Let p be l(13). Suppose -p = -5*w + 25. Let i be (-4)/w + 368/36. Calculate the highest common factor of i and 90.
10
Let s(b) = 2*b. Let p be s(3). What is the greatest common divisor of p and 24?
6
Let h = -54 - -60. Suppose 0 = -4*z - n + 221, -4*z + 241 = 3*n + 2*n. What is the greatest common factor of z and h?
6
Let t(h) = -2*h - 32. Let o be t(-17). Suppose 11 = -o*z + 77. Calculate the greatest common factor of z and 22.
11
Let j(q) = -3*q**3 + q**2. Let a be j(-1). Let h be a/(-6)*(2 + 1). Let s be (64/(-14) - h)*-14. Calculate the highest common factor of s and 4.
4
Let w(n) = -3*n**3 - 2*n. Let g be w(-2). Suppose 0*u = u + 2*p + 194, 2*u + 3*p + 389 = 0. Let z = -126 - u. Calculate the highest common factor of z and g.
14
Suppose -5*l + 183 = 4*m - 466, -2*l = -2. What is the greatest common factor of m and 299?
23
Let n(b) = b**3 + 13*b**2 - 13*b + 20. Let l be n(-14). Suppose l*d + 2 - 50 = 0. Calculate the highest common factor of d and 56.
8
Suppose -6*t + 227 + 2077 = 0. Calculate the greatest common divisor of 48 and t.
48
Suppose 0*b - 2*b = -8. Let s be 18/27*-2*-3. What is the greatest common divisor of b and s?
4
Let y = -1389 + 1391. Suppose 5*a = k + 3, 4*k + 5*a = k + 91. Calculate the greatest common factor of y and k.
2
Let q be (0 - -12) + -1 + 1. Let w be (7 - (-70)/(-20))*(-432)/(-14). What is the highest common divisor of w and q?
12
Let m be 5992/(-84) + (-1)/3*-1. Let j be (10/6)/(2/(-126)). Let r = m - j. What is the greatest common divisor of 85 and r?
17
Suppose -23*h - 403 = -36*h. What is the highest common factor of h and 1085?
31
Let o(i) = -123*i**3 + i. Let z be o(-1). Let v = z + -86. Suppose 4*d - 420 = -31*d. What is the greatest common factor of v and d?
12
Let p(d) = d**3 + 19*d**2 + 24*d - 35. Let k be p(-17). Calculate the highest common factor of 6 and k.
3
Suppose -5*f = 2*j - 227, 4*f + 5*j + 40 = 5*f. What is the greatest common factor of f and 75?
15
Suppose -125 + 665 = 36*c. Calculate the greatest common divisor of 42 and c.
3
Let x(d) = 2*d + 28. Let o be x(-11). Calculate the highest common divisor of o and 36.
6
Let u(j) = -j + 67. Let h be u(29). What is the greatest common factor of 1178 and h?
38
Let q = 62 - 8. What is the highest common divisor of q and 4?
2
Suppose -7*k - 5 = 16. Let q be 3 - (-3)/(k/2). Calculate the highest common divisor of q and 3.
1
Suppose -14*w + 12*w = 4*o - 6, 4*w = -3*o + 37. Calculate the greatest common divisor of 1781 and w.
13
Let y(c) = 13*c - 268. Let u be y(21). Let a(i) = 46*i**2 - 1. Let l be a(-1). What is the highest common divisor of l and u?
5
Let p = -519 + 534. Let b(w) = w**3 - 6*w**2 + 6*w. Let o be b(5). Calculate the highest common factor of p and o.
5
Suppose b + 3*b + 99 = 3*n, -2*n + 86 = 4*b. Let k = 19 + n. Suppose 0*m = 3*m + 5*g - 1, -4*g = 16. Calculate the greatest common divisor of k and m.
7
Let j(d) = 16*d - 1. Let x be j(-1). Let i = 28 + x. Suppose i*n = 14*n - 63. Calculate the highest common factor of 63 and n.
21
Suppose 0 = -h - 2, 4*l + 129 = -3*h - 45. Let g = 10 - l. Let u be 24/(-16)*g/(-3). What is the highest common factor of u and 13?
13
Let w be 980/(-3675) - (-398)/30. Let v(j) = -2*j**3 - 7*j**2 + 9*j + 4. Let s be v(-6). What is the highest common divisor of w and s?
13
Let q = -68 - -103. Let y = q + -25. Suppose -28 = -2*f + 4*s + s, y = -5*s. What is the greatest common factor of 6 and f?
3
Let j = 227 + -212. Let y(z) = z + 2. Let p be y(4). Calculate the highest common factor of p and j.
3
Let f be 9 - -6*3/(-18) - -3066. What is the highest common factor of 106 and f?
106
Suppose 3*b - 5 - 1 = 0. Let h(o) = 2*o**2 - 2*o + 1. Let p be h(b). Let s be (6/30)/((-2)/(-10)). What is the greatest common divisor of p and s?
1
Let i(b) = -2*b**3 - 5*b**2 + 4 + b**2 + b**2 - b. Suppose 0 = 12*h - 17*h - 10. Let v be i(h). Calculate the greatest common divisor of v and 5.
5
Let n be (-30)/(-5) - (-15)/(-10)*-1004. Calculate the highest common factor of 28 and n.
28
Suppose 3*f + 4*y - 32 = -13, 5*y - 30 = -5*f. Suppose 8 = -4*q, 2*q = -f*a - q + 49. Calculate the highest common factor of 77 and a.
11
Suppose -5*s - l + 5174 = 0, 0*l - 3094 = -3*s + 2*l. What is the greatest common divisor of 94 and s?
94
Let f be 12/(-48) - (-99)/12. What is the greatest common divisor of f and 110?
2
Let h be 87 - 2 - 9/(9/(-4)). Let i = h + -17. Calculate the greatest common factor of 54 and i.
18
Suppose -z + 209 = 10*z. Suppose -z*q + 45 = -14*q. What is the highest common divisor of 9 and q?
9
Suppose 5*j - 3 = -3. Let s(o) = o**2 + o + 38. Let k be s(j). Calculate the greatest common factor of k and 266.
38
Suppose 4*n = j - 3*j + 8, -5*j = 4*n - 14. Let l(s) = -4*s - 2*s**2 + s**3 + 2*s - s + n. Let v be l(4). Calculate the highest common factor of 63 and v.
21
Let w(d) = -2 + 4*d + 2*d - d + 1. Let i be w(1). Suppose -i = -5*f + 26. What is the greatest common divisor of f and 42?
6
Suppose -23 - 147 = -5*q. Let t = 124 + -73. Calculate the highest common divisor of q and t.
17
Suppose o + 2*o + 135 = 2*p, 3*o = -3. Suppose 2*g - 52 = 5*k - 3*k, 0 = g - 3*k - 34. Calculate the greatest common divisor of g and p.
22
Suppose 52*x + 3*t = 54*x - 1811, -3*x + t = -2727. Calculate the greatest common divisor of 10 and x.
10
Suppose 0 = -11*l + 41*l - 3510. Calculate the highest common divisor of l and 78.
39
Suppose -3*p + 5 = -2*f - 1, p - 2 = -4*f. Suppose 2*v = 6*v - p*k - 450, 15 = -3*k. What is the highest common divisor of 10 and v?
10
Let m(u) = -u - 13. Let f be m(-15). Let y = 3 + f. Suppose y*w - p - 34 - 24 = 0, -20 = -w - 4*p. Calculate the highest common factor of 132 and w.
12
Let r be (-4)/((-15)/4510*(-4)/(-3)). Calculate the highest common divisor of 82 and r.
82
Let c = -1914 + 2164. Calculate the highest common factor of c and 400.
50
Let s = 33 + -22. Suppose 3*z - 893 = -2*y, y - 2*z - 466 = 3*z. Let l be (3 + 1)*y/164. What is the greatest common factor of s and l?
11
Let q be -3 + (11*18 - -1) - 4. What is the highest common divisor of q and 12?
12
Let t be -7 + -13 - -1*2. Let r = t - -40. What is the greatest common factor of 242 and r?
22
Let k = 195 + -60. Let o be -4 + (-40)/(-12) - 141/(-9). What is the highest common divisor of k and o?
15
Let r be ((-36729)/(-28))/(-9)*-4. Calculate the highest common factor of 33 and r.
11
Let y be 1/(-2)*-23*2. Let m(k) = -10*k + 22. Let j be m(-7). Calculate the greatest common divisor of j and y.
23
Let c(w) = 4*w + 58. Let n be c(-13). Let y(f) = 9*f**2 + f - 2. Let d be y(2). Calculate the highest common factor of n and d.
6
Let i(d) = -d**3 - 25*d**2 - 52*d - 2. Let w be i(-23). Let f be (-1 - -18)*(-2)/(-2). What is the highest common factor of w and f?
17
Let y = -8 + 44. Let c(d) = 164*d - 316. Let o be c(2). What is the greatest common factor of y and o?
12
Let r be (15/2)/((-3)/(-12)). Let i = 30 + 15. What is the highest common divisor of i and r?
15
Let w = 14 - 11. Suppose -w*c + 7 = -2. Let n = -1 + c. What is the highest common factor of 18 and n?
2
Let q be (-17840)/(-60) + (-8)/6. Calculate the greatest common factor of 8 and q.
8
Let d be (-4 - (-66)/18)*-87. Calculate the highest common factor of d and 319.
29
Let j be (6 - 8/4) + -4. Let f(z) = -z**3 + z**2 + z + 16. Let q be f(j). What is the greatest common factor of 16 and q?
16
Let l(w) = 9*w**2 + 1. Let j be l(1). Suppose 2*x + 168 - 388 = 0. Calculate the highest common divisor of j and x.
10
Let r be (-6)/(-8)*(-7 + -1). Let y be (-5)/10 + (-303)/r. What is the highest common divisor of y and 10?
10
Suppose -12 = 5*u - 27. Suppose 0 = -3*l + u*j + 30, l + 5*j + 2 = 2*l. Calculate the highest common factor of 48 and l.
12
Let b = 333 + -285. Calculate the greatest common divisor of b and 12.
12
Suppose 0*f = -4*f - z + 187, -3*f = -4*z - 164. Suppose -4*k + k = -f. Let x be (-1264)/(-40) - (-4)/10. Calculate the greatest common divisor of k and x.
16
Let t(g) = -5*g - 10. Let v = 17 + -22. Let r be t(v). Let q = -164 + 299. What is the greatest common factor of r and q?
15
Let n = -6 + 0. Let h(v) be the third derivative of -v**4/8 + v**3/6 - 15*v**2. Let g be